e prime factors of u(y).
2, 43
Let s(x) = x**3 - x + 514. What are the prime factors of s(0)?
2, 257
Let g(h) = -h**2 + 19. Let r be g(0). Let p be 1/(r/(-5) - -4). Suppose 3*u - 116 = -4*t, p*u - 5*t - 203 = -2*t. List the prime factors of u.
2, 5
Let y = 29 - 11. Suppose a + 3*a + y = -2*t, 2*a = -2*t - 16. Let k(q) = q**3 + 8*q**2 + 7*q + 2. What are the prime factors of k(t)?
2
Let a = 809 + -640. List the prime factors of a.
13
Suppose 13 = -4*g + 9. What are the prime factors of (-548 + g)*(3 - (-20)/(-6))?
3, 61
Suppose -2*w - 4*a = 3*w - 16, 8 = w + 2*a. Suppose w = q - 4*f - 131, f = -3*q - 2*q + 592. What are the prime factors of q?
7, 17
Let j(h) = -3*h**2 - 53*h + 24. Let n be j(-18). Suppose -n*u + 5*u = -154. What are the prime factors of u?
2, 7, 11
Suppose 69*k - 76*k = -3584. List the prime factors of k.
2
Let n = 93 - 110. Let r be 4/6 - (-368)/(-12). Let z = n - r. List the prime factors of z.
13
Let l(g) = -g**2 + 4*g + 6. Let j be l(4). Suppose 0 = 10*a - j*a - 276. List the prime factors of a.
3, 23
Suppose -14*d + 17*d = -393. Let t = -67 - d. List the prime factors of t.
2
Let d = -12 - -28. Suppose 45 = -21*s + d*s. List the prime factors of 5 - 2/(-6)*s.
2
Suppose 23*j - 20*j = -468. Let n be (-4)/6 - j/18. Suppose 0 = 7*x - n*x + 17. List the prime factors of x.
17
Let z be (7 - 6)/(2/(-26)). Let m = z + 15. Let c = 9 + m. List the prime factors of c.
11
Suppose 47*s - 43*s - 8 = 0. Suppose 0 = 5*b - 4*c - 60, -s*b - 5*c = -b + 17. List the prime factors of b.
2
Let l(h) = -h**2 + 5*h - 3. Let y be l(2). Suppose 2*a - y*a = 0. Suppose 0 = -a*c - c + 7. What are the prime factors of c?
7
Let x be 1/(-2) + 6515/10. What are the prime factors of (x/((-9)/3))/(1*-1)?
7, 31
Let b(h) = 2*h**3 - 2*h**2 - 10*h + 21. Let o(p) = 3*p**3 - 5*p**2 - 21*p + 41. Let r(d) = -5*b(d) + 3*o(d). List the prime factors of r(-8).
2, 157
Suppose -69*a - 442 = -70*a. What are the prime factors of a?
2, 13, 17
Suppose -10*l + 78080 = 30*l. List the prime factors of l.
2, 61
Let x(p) = -p**2 + 13*p - 11. Let v be x(12). Suppose -b - v + 4 = 0. Suppose b*z - 83 = 73. What are the prime factors of z?
2, 13
List the prime factors of ((-2)/6)/((-8)/5688).
3, 79
Let b be -8 + (-104)/(-12) - 224/(-6). Suppose -141 = -b*w + 37*w. What are the prime factors of w?
3, 47
Let f be (-11088)/10 - (3 - 84/30). What are the prime factors of 1/((-9)/f) - 224/1008?
3, 41
Suppose 1383 = 5*i + 163. Let s = i + -114. List the prime factors of s.
2, 5, 13
Suppose 5*q + 3*j - 7*j = 6577, 5*q - 6556 = -3*j. What are the prime factors of q?
13, 101
What are the prime factors of 2343/4 - 0 - 44/(-176)?
2, 293
Let u(b) = 6*b**2 - 29*b - 4. What are the prime factors of u(7)?
3, 29
Suppose 4*l - 5*b = 2606, 4*b + 430 + 227 = l. What are the prime factors of l?
11, 59
Suppose 0 = -15*p + 21*p - 3384. Suppose 2*s = -2*f - 0*f + p, -5*s + 1410 = -f. What are the prime factors of s?
2, 3, 47
Suppose 5*o - 3*f = 0, 0 = 2*f + 2*f. Suppose 6*x - 81 + 3 = o. List the prime factors of x.
13
Suppose -2*a - 10 = 4*t, -5*t = a - 2*a - 12. Let o be 4/(185/(-65) + (5 - 2)). Let v = a + o. What are the prime factors of v?
19
Let y = 105 + -258. Let q = 300 + y. List the prime factors of q.
3, 7
Let t(c) = -c**3 - 5*c**2 - 4. Let z be t(-5). Let n be -2 - (1 - 112/z). Let y = 30 - n. List the prime factors of y.
61
Suppose -2*z - 2 = -m + 4, 3*m - 12 = 0. Let q = z - -5. Suppose -5*g - 4*v = v, q*g - 4*v = 16. What are the prime factors of g?
2
Let n(g) = 5*g**2 - 4*g + 86. List the prime factors of n(10).
2, 3, 7, 13
Let r be 3 + -5 + -1 + 7. Suppose -5*o + 24 = r. Suppose 4*l + m = o*m + 188, 5*m + 20 = 0. List the prime factors of l.
2, 11
Let k(r) = -3*r + 13. Let f be k(10). Let m be 4/(-8)*f*6. Let j = -23 + m. What are the prime factors of j?
2, 7
Let c = 82 + -119. Let f = c - -89. What are the prime factors of f?
2, 13
Suppose 18*f - 134960 = -10*f. What are the prime factors of f?
2, 5, 241
Suppose 3*z + 0*w = -2*w + 687, z = 3*w + 240. Suppose 4*x + z = 791. What are the prime factors of x?
2, 5, 7
List the prime factors of ((-23484)/8 - 3)/((-39)/52).
2, 3, 653
Let t = 18 + -65. Suppose a = -2*x - 71 - 53, 0 = 5*a - 4*x + 592. Let b = t - a. List the prime factors of b.
73
Let y(o) = -o**2 - 16*o - 30. Suppose 21 + 104 = -5*t. Let s = 13 + t. List the prime factors of y(s).
2, 3
Let q = 14 - 12. Suppose 5*g + q*n - 116 = 0, -n - 34 = -g + 4*n. List the prime factors of g.
2, 3
List the prime factors of (1 - 120/(-9))*(-6)/(-2).
43
Let s = 96 + -63. List the prime factors of (6/9)/(2/s).
11
Suppose 294*f - 290*f + 12 = 0. Let n = 6 + -8. What are the prime factors of f + 80 + 0 + n?
3, 5
Let z(p) = -13*p - 2. Suppose -28 = -7*c + 3*c. Let k(o) = -40*o - 5. Let j(x) = c*z(x) - 2*k(x). What are the prime factors of j(-4)?
2, 5
Let s be -10*(14/(-4) + 4). Let u be s*((-39)/15 + -3). Suppose x - u = 8. What are the prime factors of x?
2, 3
Let l = -23 - -28. Suppose -j - 3 = l*q - 13, 0 = -5*j - 2*q + 73. List the prime factors of j.
3, 5
Let u(y) = -1076*y**3 + 8*y + 8. What are the prime factors of u(-1)?
2, 269
Suppose -6480 = 413*u - 422*u. List the prime factors of u.
2, 3, 5
Suppose 2*d + 5 = y, -4*d = 4*y + y + 17. List the prime factors of (-3 - (49 - -4))/y.
2, 7
Suppose 0 = -3*t - 2 - 76. What are the prime factors of (-2)/t*1051 - (-4)/26?
3
Let w = 44 - -2. Let z = w + -17. What are the prime factors of z + 3 + 5 + -1?
2, 3
What are the prime factors of 2456 + (-6 - (4 + -10))/(-4)?
2, 307
Suppose 15480 = 15*t - 24435. What are the prime factors of t?
3, 887
Let s(a) = -a**3 - 6*a**2 - 9*a - 15. Let p be s(-6). Suppose -33*r - 300 = -p*r. What are the prime factors of r?
2, 5
Let b = 314 - 65. What are the prime factors of b?
3, 83
Suppose 0 = h - 143 - 89. What are the prime factors of (0 + h/(-6))/((-2)/6)?
2, 29
Let j = 774 + -491. List the prime factors of j.
283
Let x = -177 - -181. Suppose f = a - 1, 13 = -4*a - 3*f - 4. Let w = a + x. List the prime factors of w.
2
Suppose 2 = 5*r - 13. Suppose 2*l - 71 = r*f, -3*f = -2*f - 3. What are the prime factors of l?
2, 5
Let y(c) = 5*c + 44. Let g be y(6). Suppose g = 5*b - 71. List the prime factors of b.
29
Suppose -11*z + 5 = -1755. What are the prime factors of z?
2, 5
Suppose 30*s = 26*s + 3980. What are the prime factors of s?
5, 199
Let h be 2/14 + (-3)/21. Suppose s + 3*v = -s - 27, -5*s - 3*v - 54 = h. List the prime factors of 68/((-6)/s*3).
2, 17
Suppose -3*z = h + 5 - 18, -2*z + 4 = 0. Suppose -2*f - 30 = -h*f. List the prime factors of (-4)/(-2)*63/f.
3, 7
Suppose 17*c - 10197 = 6514. What are the prime factors of c?
983
Let m(c) = -c**2 - 20*c - 7. List the prime factors of m(-18).
29
Suppose -5 = -5*c - 0. Let w(m) = 1. Let b(j) = 2*j - 2. Let t(u) = c*w(u) + b(u). List the prime factors of t(4).
7
Suppose -5*d + 935 = -2*d + 4*q, 4*d + 2*q = 1260. What are the prime factors of d?
317
Suppose -26*z + 24*z = 12. List the prime factors of (3 - -383)*(3 - (-15)/z).
193
Suppose -75 = -4*c + 9. Let w be 57/c + (-2)/(-7). Suppose 3*t + 45 = w*m, 4*t - 6*t - 19 = -m. What are the prime factors of m?
11
Let h(k) be the first derivative of 5*k**3/3 + k**2/2 - 2*k + 5. List the prime factors of h(3).
2, 23
Let g be 2*(-2)/((-8)/(-12)). List the prime factors of (-128)/1*3/g.
2
Let k(b) = -2*b**3 + 5*b**2 + 4*b + 3. Let v be k(-3). Suppose -2*c + v + 310 = 0. List the prime factors of c.
2, 5
Let r = 14 - -44. Suppose 2*f + 5*p = -f, 5*f + p = 0. Suppose f = -q - q + r. What are the prime factors of q?
29
Suppose 3*y - 9 = -0*y. Suppose 4*i - 4*x = 148, y*i + 6*x - 2*x - 139 = 0. Let w = i - 16. What are the prime factors of w?
5
List the prime factors of -34*7/(-28)*46.
17, 23
Let j(q) = 2*q**2 + 6*q + 4. Let v = 13 + -16. Let n be j(v). Suppose -3*o + 49 = -n*k + 11, 5*o = -3*k + 73. What are the prime factors of o?
2, 7
Suppose -j - j + 102 = 0. Suppose -4*g + j = -381. List the prime factors of g.
2, 3
List the prime factors of 42/(1 + (-14)/18).
3, 7
Suppose 0*t - 3*t = 5*y + 32, 3*t = 3. Let k be 1 - (3 + y - -3). Suppose -2*u = 3*u + 2*l - 225, k*u = -l + 91. What are the prime factors of u?
43
Let g = 249 + -149. List the prime factors of 7275/g + (-1)/(-4).
73
Let w be -2 + -1 - -13*3/3. Suppose w*